- 3*h - 270. What is g(18)?
0
Let b(p) = -3283*p - 55814. Give b(-17).
-3
Let g(l) = 332*l - 3977. Give g(12).
7
Let f(i) = -i**3 + 14*i**2 - 19*i + 25. Calculate f(13).
-53
Let c(d) = d**2 + 441*d - 1336. What is c(3)?
-4
Let p(w) = 51*w**2 + 1735*w + 37. Calculate p(-34).
3
Let z(j) = -35*j + 51. What is z(2)?
-19
Let d(b) = -64*b**2 - 616*b + 224. Give d(-10).
-16
Let b(q) = 23*q - 196. Calculate b(9).
11
Let f(w) = -33*w + 2481. What is f(75)?
6
Let l(f) = 3*f**2 + 4*f - 31. What is l(-9)?
176
Let l(s) = -2025*s + 2. Give l(0).
2
Let x(b) = -12*b**2 + 14. Give x(3).
-94
Let y(k) = 4*k**3 - 188*k**2 + 9*k - 438. Give y(47).
-15
Let y(v) = -v**2 + 61*v - 701. Calculate y(15).
-11
Let g(x) = -146*x + 605. Calculate g(4).
21
Let f(o) = -o**3 + 2*o**2 + 61*o + 123. Calculate f(-2).
17
Let o(y) = y**3 + 19*y**2 + 30*y - 71. Determine o(-17).
-3
Let g(w) = 187*w + 740. Give g(-6).
-382
Let f(y) = y**2 + 92*y - 235. What is f(-94)?
-47
Let v(m) = -m**3 + 9*m**2 + m - 105. What is v(7)?
0
Let s(r) = -3*r**2 - 109*r + 8. Determine s(-36).
44
Let q(s) = 2*s**2 - 76*s + 470. What is q(30)?
-10
Let o(z) = 5*z**2 + 197*z + 317. Give o(-38).
51
Let u(m) = -303*m - 4. Calculate u(1).
-307
Let w(s) = 600*s - 6107. What is w(10)?
-107
Let s(j) = -17*j - 977. Determine s(-45).
-212
Let m(l) = 1456*l + 380023. Calculate m(-261).
7
Let q(z) = 264*z + 259. What is q(-1)?
-5
Let o(g) = 88*g + 1840. Calculate o(-21).
-8
Let a(x) = x**2 + 73*x - 20716. Calculate a(112).
4
Let r(l) = -274*l + 1120. Calculate r(4).
24
Let j(y) = 16*y + 811. Give j(-33).
283
Let j(a) = -3*a - 210. Calculate j(-21).
-147
Let v(n) = -n**3 + 7*n**2 + 40*n + 35. Calculate v(-3).
5
Let y(i) = 17*i + 48. Determine y(-7).
-71
Let m(g) = -g**3 - 7*g**2 + 237*g + 733. Determine m(-3).
-14
Let j(c) = c**3 + 19*c**2 - 229*c + 52. Give j(-28).
-592
Let i(c) = 4877*c - 4875. Determine i(1).
2
Let h(f) = -f**3 - 14*f**2 - 14*f - 425. What is h(-15)?
10
Let k(o) = -28*o**2 + 476*o + 2. Determine k(17).
2
Let d(l) = l**2 + 66*l - 3370. Give d(-100).
30
Let j(m) = 156*m - 3285. Determine j(21).
-9
Let t(r) = -r**3 + 38*r**2 - 264*r - 11. Calculate t(9).
-38
Let n(s) = -3*s**3 + 221*s**2 + 76*s - 88. Give n(74).
60
Let m(l) = l**2 + 32*l - 148. What is m(-39)?
125
Let i(m) = -353*m + 27883. Determine i(79).
-4
Let f(p) = -33*p - 292. Determine f(-46).
1226
Let v(c) = -3*c**3 + 11*c - 31. Calculate v(3).
-79
Let t(y) = 14*y**3 + 2*y**2 + 4*y + 7. Determine t(-2).
-105
Let q(d) = d**2 - 86*d - 577. Determine q(-7).
74
Let j(p) = 4*p + 138. Calculate j(-52).
-70
Let i(y) = 9141*y - 54849. What is i(6)?
-3
Let l(d) = 3*d**2 - 78*d - 71. Calculate l(24).
-215
Let g(d) = d**3 - 33*d**2 - 68*d + 2. Give g(35).
72
Let g(z) = -104*z + 1202. What is g(12)?
-46
Let i(u) = -21*u - 159. Determine i(-17).
198
Let t(b) = b**3 - 7*b**2 - 12*b + 36. Calculate t(8).
4
Let m(x) = 97*x - 6343. What is m(64)?
-135
Let f(y) = -y**2 + 25*y - 5. Give f(26).
-31
Let r(v) = -2*v**3 - 387*v**2 + 485*v - 19498. Determine r(-195).
2
Let u(m) = -2*m - 131. Determine u(11).
-153
Let q(j) = -7*j**2 - 5*j + 11. Give q(-3).
-37
Let z(k) = -31*k**3 + 3*k**2 - 5*k. Give z(2).
-246
Let q(w) = w + 31. Give q(20).
51
Let w(b) = 5*b**2 - 20*b + 80. Calculate w(4).
80
Let r(h) = -4*h**3 - 21*h**2 - 15*h - 45. Give r(-5).
5
Let p(m) = -13*m - 125. Determine p(-23).
174
Let r(k) = k**3 - 29*k**2 - 55*k + 83. Give r(31).
300
Let x(f) = f**3 + 4*f**2 - 8*f - 7. Calculate x(-4).
25
Let d(k) = -93*k - 2121. Calculate d(-22).
-75
Let n(k) = 2061*k + 10315. What is n(-5)?
10
Let c(y) = -311*y - 3712. Determine c(-12).
20
Let g(r) = -11*r**3 - 33*r**2 + r - 45. Determine g(-4).
127
Let w(g) = g**2 - 3976*g + 11914. Give w(3).
-5
Let s(b) = 12*b**2 + 149*b - 95. Determine s(-13).
-4
Let b(s) = -s**2 - 42*s + 1334. Give b(20).
94
Let y(q) = -q**2 + 8*q - 21. Calculate y(4).
-5
Let g(r) = -r**2 - 51*r + 1227. Determine g(18).
-15
Let i(x) = -267*x**2 + 6*x + 7. What is i(-1)?
-266
Let b(a) = 13*a + 835. Give b(-63).
16
Let g(u) = -14*u + 163. What is g(12)?
-5
Let w(f) = -f**2 + 355*f + 2173. What is w(-6)?
7
Let q(n) = n**2 + 3*n - 79. Calculate q(0).
-79
Let s(l) = -l**3 - 4*l**2 + 5*l + 18. What is s(-3)?
-6
Let x(f) = 2*f**2 + 2*f - 7. Determine x(0).
-7
Let f(s) = -93*s + 320. Determine f(3).
41
Let y(i) = -i**2 + 18*i - 53. Give y(3).
-8
Let t(s) = s**3 + 13*s**2 - 132*s - 109. Give t(-19).
233
Let f(t) = -90*t - 611. Give f(-7).
19
Let g(t) = -15*t**3 + 2*t + 1. Determine g(-1).
14
Let l(d) = -117*d**3 + d**2 + 7*d + 5. Determine l(-1).
116
Let j(a) = 25*a - 46. Determine j(6).
104
Let h(v) = 6*v**2 - 142*v + 817. Calculate h(10).
-3
Let g(f) = -f**3 - 164*f**2 + 175*f + 1644. Calculate g(-165).
-6
Let d(q) = 28*q**3 + 168*q**2 + 6*q + 34. Calculate d(-6).
-2
Let v(t) = -8*t + 650. Determine v(73).
66
Let p(x) = 16*x**3 + 32*x**2 + 28*x - 4. What is p(-1)?
-16
Let t(b) = 127*b - 8386. Calculate t(66).
-4
Let s(o) = 3*o**2 + 90*o + 670. Calculate s(-13).
7
Let x(z) = -z**2 + 9*z + 3176. What is x(-52)?
4
Let x(s) = s**3 - 14*s**2 + 15*s - 4. Calculate x(13).
22
Let r(g) = 2*g**2 - 167*g + 3471. What is r(39)?
0
Let l(s) = -384*s + 4599. Calculate l(12).
-9
Let r(k) = 2*k - 336. What is r(94)?
-148
Let c(i) = 16*i**2 + 5*i - 18. Determine c(3).
141
Let g(b) = 6*b**2 - 199*b + 32. Give g(33).
-1
Let k(j) = -72*j + 1125. Calculate k(16).
-27
Let q(p) = -4*p**2 - 58*p + 45. Calculate q(-11).
199
Let j(c) = 8*c**2 - 296*c - 7. What is j(37)?
-7
Let d(v) = -25*v**3 - 4*v**2 - 21*v - 20. What is d(-1)?
22
Let b(n) = -277*n + 1371. Determine b(5).
-14
Let u(r) = -r**3 + 6*r**2 + 4*r + 39. Give u(7).
18
Let b(t) = 2*t**2 - 135*t + 832. Calculate b(61).
39
Let t(w) = 50*w + 2209. Give t(-44).
9
Let f(n) = -n**2 + 59*n - 779. Determine f(19).
-19
Let o(b) = 84*b + 1001. Give o(-6).
497
Let a(f) = -869*f - 6957. What is a(-8)?
-5
Let c(a) = -13*a**2 + 240*a - 64. What is c(18)?
44
Let p(o) = -2*o**3 + 5*o**2 + 2*o + 10. Determine p(3).
7
Let w(g) = 28*g**2 + 527*g - 42. Give w(-19).
53
Let s(d) = d**2 + 108*d - 3105. What is s(24)?
63
Let d(s) = -s**3 - 12*s**2 + 7*s + 57. Determine d(-13).
135
Let i(v) = -7*v**2 - 9*v + 41. Calculate i(6).
-265
Let r(q) = -q**3 - 32*q**2 - 9*q - 231. Calculate r(-32).
57
Let d(i) = 2*i - 330. Give d(13).
-304
Let b(k) = -9*k**3 - 4*k**2 + 16*k + 53. What is b(-3)?
212
Let p(t) = t**3 + 23*t**2 - 7*t + 16. Calculate p(-23).
177
Let n(t) = -286*t + 131. Calculate n(3).
-727
Let y(s) = 119*s + 3455. Give y(-29).
4
Let l(v) = 2*v**2 - 146*v + 424. Give l(70).
4
Let m(i) = -2*i**3 - 26*i**2 - 54*i - 82. Calculate m(-11).
28
Let y(v) = 74*v + 373. Determine y(-13).
-589
Let n(w) = 3*w**2 + 167*w - 539. Determine n(-59).
51
Let j(g) = -2*g**2 + 121*g + 776. Determine j(-6).
-22
Let a(p) = 3*p**2 - 341*p - 1043. Give a(-3).
7
Let f(a) = -a**3 + 20*a**2 - 5*a + 182. Determine f(20).
82
Let f(o) = -20*o - 845. Determine f(-31).
-225
Let x(z) = -4*z**2 + 57*z - 172. What is x(8)?
28
Let k(s) = 122*s + 4048. Calculate k(-33).
22
Let f(u) = -128*u + 507. Calculate f(5).
-133
Let v(o) = -o**2 - 19*o - 15. Calculate v(-19).
-15
Let a(o) = 36*o**2 + 8*o - 6. Calculate a(-3).
294
Let b(h) = 2737*h - 11. Determine b(0).
-11
Let d(r) = -21*r**2 + 54*r + 126. What is d(-3)?
-225
Let b(t) = -t**2 - 7*t + 5. What is b(-5)?
15
Let i(h) = -h**3 + 13*h**2 - 23*h + 158. Determine i(12).
26
Let p(j) = -6*j + 138. Give p(-9).
192
Let k(y) = 6*y**2 + 32*y + 16. Determine k(-5).
6
Let m(l) = l**3 - 4*l**2 + 15*l - 46. Calculate m(4).
14
Let l(d) = 9*d**3 - 4*d**2 + 28*d - 52. Determine l(2).
60
Let o(a) = a**2 + 106*a + 1214. Determine o(-13).
5
Let y(u) = -u**3 - 37*u**2 + 4*u - 1267. Calculate y(-38).
25
Let a(k) = -378*k + 95. Give a(0).
95
Let u(f) = 17*f**2 - 58*f - 146. What is u(5)?
-11
Let l(u) = 44*u - 5461. Give l(123).
-49
Let o(f) = -f**2 + 2*f + 4981. Determine o(-70).
-59
Let z(n) = -2*n**2 - 87*n - 687. What is z(-9)?
-66
Let m(s) = 46*s - 1485. Calculate m(32).
-13
Let g(k) = -k**2 + 20*k + 8. Calculate g(19).
27
Let i(a) = 3*a**2 + 58*a + 25. Give i(-5).
-190
Let t(y) = -2*y**3 + 27*y**2 - 9*y - 27. Determine t(13).
25
Let x(n) = -52*n - 23. What is x(1)?
-75
Let l(g) = 12*g**2 - 205*g + 21. What is l(17)?
4
Let o(x) = 6*x**3 + 20*x